{"id":71,"date":"2012-10-23T12:16:41","date_gmt":"2012-10-23T09:16:41","guid":{"rendered":"https:\/\/www.giurgiuveanul.ro\/stiri\/?page_id=71"},"modified":"2025-04-07T10:42:56","modified_gmt":"2025-04-07T07:42:56","slug":"despre-noi","status":"publish","type":"page","link":"https:\/\/www.giurgiuveanul.ro\/stiri\/despre-noi\/","title":{"rendered":"DESPRE NOI"},"content":{"rendered":"<p style=\"text-align: justify;\" data-start=\"68\" data-end=\"193\"><span style=\"color: #ff0000;\"><strong data-start=\"72\" data-end=\"193\">Cotidianul \u201eGIURGIUVEANUL\u201d \u2013 de 20 de ani, surs\u0103 de informa\u021bie corect\u0103 \u0219i publicitate de \u00eencredere \u00een jude\u021bul Giurgiu<\/strong><\/span><\/p>\n<p class=\"\" style=\"text-align: justify;\" data-start=\"195\" data-end=\"380\">Ap\u0103rut \u00een decembrie 2005, <strong data-start=\"221\" data-end=\"240\">\u201eGIURGIUVEANUL\u201d<\/strong> este un cotidian jude\u021bean de informa\u021bii \u0219i publicitate care a devenit, de-a lungul anilor, un reper al presei locale din jude\u021bul Giurgiu.<\/p>\n<p class=\"\" style=\"text-align: justify;\" data-start=\"382\" data-end=\"700\"><strong data-start=\"382\" data-end=\"430\">Independent politic, financiar sau ideologic<\/strong>, ziarul are o singur\u0103 direc\u021bie editorial\u0103: <strong data-start=\"474\" data-end=\"512\">asigurarea calit\u0103\u021bii informa\u021biilor<\/strong> prin promptitudine, echilibru \u0219i documentare temeinic\u0103. Este cunoscut pentru modul obiectiv \u00een care abordeaz\u0103 subiectele sensibile \u0219i pentru consecven\u021ba cu care trateaz\u0103 interesul public.<\/p>\n<p style=\"text-align: justify;\" data-start=\"702\" data-end=\"739\"><strong><span style=\"color: #ff0000;\">Publicitate cu vizibilitate real\u0103<\/span><\/strong><\/p>\n<p class=\"\" style=\"text-align: justify;\" data-start=\"741\" data-end=\"1037\">Prin apari\u021bia <strong data-start=\"755\" data-end=\"766\">zilnic\u0103<\/strong>, de luni p\u00e2n\u0103 vineri, \u0219i distribu\u021bia \u00een \u00eentreg jude\u021bul Giurgiu, \u201eGIURGIUVEANUL\u201d ofer\u0103 <strong data-start=\"853\" data-end=\"875\">expunere garantat\u0103<\/strong> pentru mesajele publicitare ale partenerilor s\u0103i. Fiecare client beneficiaz\u0103 de vizibilitate \u00eentr-un spa\u021biu media credibil \u0219i bine ancorat \u00een comunitatea local\u0103.<\/p>\n<p class=\"\" style=\"text-align: justify;\" data-start=\"1039\" data-end=\"1305\">Cotidianul are un format de 8 pagini, dintre care paginile 1 \u0219i 8 sunt tip\u0103rite color. \u00cen plus, publica\u021bia ofer\u0103 \u0219i suplimente tematice, precum <strong data-start=\"1183\" data-end=\"1207\">\u201ePia\u0163a Giurgiuvean\u0103\u201d<\/strong> \u0219i <strong data-start=\"1211\" data-end=\"1233\">\u201eGiurgiul Ortodox\u201d<\/strong>, acoperind astfel o palet\u0103 variat\u0103 de interese \u0219i nevoi informa\u021bionale.<\/p>\n<p class=\"\" style=\"text-align: justify;\" data-start=\"1351\" data-end=\"1649\">Redac\u021bia este coordonat\u0103 de <span style=\"color: #ff0000;\"><strong data-start=\"1379\" data-end=\"1396\">Vasile Arcanu<\/strong><\/span>, redactor-\u0219ef, un nume bine cunoscut \u00een presa local\u0103. Din echip\u0103 face parte \u0219i <span style=\"color: #ff0000;\"><strong data-start=\"1476\" data-end=\"1495\">Ionu\u021b Barb\u0103lat\u0103<\/strong><\/span>, colaborator specializat, cu master \u00een \u0219tiin\u021be politice, care aduce o perspectiv\u0103 profesionist\u0103 asupra evenimentelor din administra\u021bie \u0219i via\u021ba politic\u0103.<\/p>\n<p class=\"\" style=\"text-align: justify;\" data-start=\"1651\" data-end=\"1948\">Cu o <strong data-start=\"1656\" data-end=\"1693\">oglind\u0103 de pagin\u0103 de 250 x 190 mm<\/strong> \u0219i un con\u021binut zilnic divers \u2013 \u0219tiri, comentarii, anun\u021buri \u0219i reportaje \u2013 \u201eGIURGIUVEANUL\u201d r\u0103m\u00e2ne un pilon important al presei locale \u0219i un aliat de \u00eencredere pentru to\u021bi cei care vor s\u0103 fie bine informa\u021bi sau s\u0103 transmit\u0103 un mesaj puternic \u00een comunitate.<\/p>\n<p style=\"text-align: justify;\">\n","protected":false},"excerpt":{"rendered":"<p>Cotidianul \u201eGIURGIUVEANUL\u201d \u2013 de 20 de ani, surs\u0103 de informa\u021bie corect\u0103 \u0219i publicitate de \u00eencredere \u00een jude\u021bul Giurgiu Ap\u0103rut \u00een decembrie 2005, \u201eGIURGIUVEANUL\u201d este un cotidian jude\u021bean de informa\u021bii \u0219i publicitate care a devenit, de-a lungul anilor, un reper al presei locale din jude\u021bul Giurgiu. Independent politic, financiar sau ideologic, ziarul are o singur\u0103 direc\u021bie [&hellip;]<\/p>\n","protected":false},"author":1,"featured_media":0,"parent":0,"menu_order":7,"comment_status":"open","ping_status":"closed","template":"","meta":{"footnotes":""},"class_list":["post-71","page","type-page","status-publish","hentry"],"_links":{"self":[{"href":"https:\/\/www.giurgiuveanul.ro\/stiri\/wp-json\/wp\/v2\/pages\/71","targetHints":{"allow":["GET"]}}],"collection":[{"href":"https:\/\/www.giurgiuveanul.ro\/stiri\/wp-json\/wp\/v2\/pages"}],"about":[{"href":"https:\/\/www.giurgiuveanul.ro\/stiri\/wp-json\/wp\/v2\/types\/page"}],"author":[{"embeddable":true,"href":"https:\/\/www.giurgiuveanul.ro\/stiri\/wp-json\/wp\/v2\/users\/1"}],"replies":[{"embeddable":true,"href":"https:\/\/www.giurgiuveanul.ro\/stiri\/wp-json\/wp\/v2\/comments?post=71"}],"version-history":[{"count":12,"href":"https:\/\/www.giurgiuveanul.ro\/stiri\/wp-json\/wp\/v2\/pages\/71\/revisions"}],"predecessor-version":[{"id":113804,"href":"https:\/\/www.giurgiuveanul.ro\/stiri\/wp-json\/wp\/v2\/pages\/71\/revisions\/113804"}],"wp:attachment":[{"href":"https:\/\/www.giurgiuveanul.ro\/stiri\/wp-json\/wp\/v2\/media?parent=71"}],"curies":[{"name":"wp","href":"https:\/\/api.w.org\/{rel}","templated":true}]}}